{"id":7413,"date":"2023-08-15T15:31:58","date_gmt":"2023-08-15T13:31:58","guid":{"rendered":"https:\/\/illmatik.com\/V2\/?page_id=7413"},"modified":"2023-08-15T15:36:25","modified_gmt":"2023-08-15T13:36:25","slug":"conversations-hiphop-1","status":"publish","type":"page","link":"https:\/\/illmatik.com\/V2\/conversations-hiphop-1\/","title":{"rendered":"Conversations HipHop #1"},"content":{"rendered":"<section class=\"wpb-content-wrapper\">[vc_row thb_full_width=\u00a0\u00bbtrue\u00a0\u00bb thb_row_padding=\u00a0\u00bbtrue\u00a0\u00bb thb_column_padding=\u00a0\u00bbtrue\u00a0\u00bb css=\u00a0\u00bb.vc_custom_1692097283536{padding-top: 30px !important;padding-bottom: 30px !important;background-color: #a32e36 !important;}\u00a0\u00bb][vc_column][vc_row_inner][vc_column_inner width=\u00a0\u00bb1\/6&Prime;][\/vc_column_inner][vc_column_inner width=\u00a0\u00bb2\/3&Prime;][vc_column_text]\n<h2 style=\"text-align: center;\"><span style=\"color: #ffffff;\">Conversations HipHop #1<\/span><\/h2>\n[\/vc_column_text][\/vc_column_inner][vc_column_inner width=\u00a0\u00bb1\/6&Prime;][\/vc_column_inner][\/vc_row_inner][\/vc_column][\/vc_row][vc_row][vc_column][vc_empty_space height=\u00a0\u00bb10px\u00a0\u00bb][\/vc_column][\/vc_row][vc_row][vc_column width=\u00a0\u00bb1\/2&Prime;][vc_single_image image=\u00a0\u00bb7415&Prime; img_size=\u00a0\u00bblarge\u00a0\u00bb onclick=\u00a0\u00bbcustom_link\u00a0\u00bb link=\u00a0\u00bbhttps:\/\/www.amazon.fr\/Tout-nest-pas-facile-Ambitions\/dp\/295656305X\/\u00a0\u00bb][\/vc_column][vc_column width=\u00a0\u00bb1\/2&Prime;][vc_column_text]<strong>Tout n&rsquo;est pas si facile: Ambitions, illusions et r\u00e9alit\u00e9s du HipHop.<\/strong><\/p>\n<p><em><strong>Conversations HipHop<\/strong><\/em> explore et expose ce que signifie \u00eatre HipHop aujourd\u2019hui.<\/p>\n<p>Le projet s\u2019organise autour de s\u00e9ries de livres d\u2019entretiens qui mettent en \u00e9vidence la diversit\u00e9 des exp\u00e9riences, des points de vue et des personnalit\u00e9s du HipHop, mais aussi la convergence des aspirations, des visions et initiatives li\u00e9es \u00e0 cette culture.<\/p>\n<p>Il r\u00e9unit \u00e0 la fois des personnalit\u00e9s reconnues internationalement et des anonymes de diff\u00e9rents horizons et parcours. L\u2019id\u00e9e est mettre en avant des artistes, activistes et acteurs de la culture HipHop venant de m\u00e9tiers, origines, g\u00e9n\u00e9rations et zones g\u00e9ographiques diff\u00e9rents.<\/p>\n<p>Les objectifs :<br \/>\nLes objectifs de ce projet sont multiples :<br \/>\n&#8211; Refonder le sens et la finalit\u00e9 de la culture HipHop<br \/>\n&#8211; Valoriser les acteurs (r\u00e9gionaux) de la culture HipHop<br \/>\n&#8211; Apporter une perspective HipHop des enjeux soci\u00e9taux d\u2019aujourd\u2019hui[\/vc_column_text][\/vc_column][\/vc_row][vc_row][vc_column][vc_separator color=\u00a0\u00bbblack\u00a0\u00bb][vc_empty_space height=\u00a0\u00bb10px\u00a0\u00bb][\/vc_column][\/vc_row][vc_row][vc_column width=\u00a0\u00bb2\/3&Prime;][vc_single_image image=\u00a0\u00bb7414&Prime; img_size=\u00a0\u00bblarge\u00a0\u00bb add_caption=\u00a0\u00bbyes\u00a0\u00bb onclick=\u00a0\u00bbcustom_link\u00a0\u00bb img_link_target=\u00a0\u00bb_blank\u00a0\u00bb link=\u00a0\u00bbhttps:\/\/www.amazon.fr\/Tout-nest-pas-facile-Ambitions\/dp\/295656305X\/\u00a0\u00bb][\/vc_column][vc_column width=\u00a0\u00bb1\/3&Prime;][vc_column_text]<strong>Cr\u00e9dits<\/strong><br \/>\nAuteurs: La Voix du HipHop<br \/>\nEditeur: Patrick Esimba Ifonge<br \/>\nIllustration (couverture): Dany Bukasa Muteba<\/p>\n<p>&#8212;&#8212;<br \/>\n<strong>El\u00e9ments techniques<\/strong><\/p>\n<p>ISBN : 9782956563051 (version papier), 9782956563068 (version num\u00e9rique)<br \/>\nDimensions : 120*190 mm<br \/>\nNombre de pages : 112 pages<br \/>\nPrix : 9 euros (version papier), 5,99 euros (version num\u00e9rique)<\/p>\n<p>&#8212;&#8212;<br \/>\n<strong>Points de vente<\/strong><\/p>\n<p>\u2013 <a href=\"https:\/\/www.amazon.fr\/Tout-nest-pas-facile-Ambitions\/dp\/295656305X\/\" target=\"_blank\" rel=\"noopener\">Amazon<\/a><\/p>\n<p>\u2013 <a href=\"https:\/\/www.furet.com\/livre-pod\/tout-n-est-pas-si-facile-la-voix-du-hiphop-collectif--9782956563051.html\" target=\"_blank\" rel=\"noopener\">Le Furet du Nord<\/a><\/p>\n<p>&#8211; <a href=\"https:\/\/www.fnac.com\/livre-numerique\/a16134600\/La-Voix-du-HipHop-Collectif-Tout-n-est-pas-si-facile\" target=\"_blank\" rel=\"noopener\">La FNAC France<\/a>[\/vc_column_text][\/vc_column][\/vc_row]\n<\/section>","protected":false},"excerpt":{"rendered":"<p>[vc_row thb_full_width=\u00a0\u00bbtrue\u00a0\u00bb thb_row_padding=\u00a0\u00bbtrue\u00a0\u00bb thb_column_padding=\u00a0\u00bbtrue\u00a0\u00bb css=\u00a0\u00bb.vc_custom_1692097283536{padding-top: 30px !important;padding-bottom: 30px !important;background-color: #a32e36 !important;}\u00a0\u00bb][vc_column][vc_row_inner][vc_column_inner width=\u00a0\u00bb1\/6&Prime;][\/vc_column_inner][vc_column_inner width=\u00a0\u00bb2\/3&Prime;][vc_column_text] Conversations HipHop #1 [\/vc_column_text][\/vc_column_inner][vc_column_inner width=\u00a0\u00bb1\/6&Prime;][\/vc_column_inner][\/vc_row_inner][\/vc_column][\/vc_row][vc_row][vc_column][vc_empty_space height=\u00a0\u00bb10px\u00a0\u00bb][\/vc_column][\/vc_row][vc_row][vc_column width=\u00a0\u00bb1\/2&Prime;][vc_single_image image=\u00a0\u00bb7415&Prime; img_size=\u00a0\u00bblarge\u00a0\u00bb onclick=\u00a0\u00bbcustom_link\u00a0\u00bb link=\u00a0\u00bbhttps:\/\/www.amazon.fr\/Tout-nest-pas-facile-Ambitions\/dp\/295656305X\/\u00a0\u00bb][\/vc_column][vc_column width=\u00a0\u00bb1\/2&Prime;][vc_column_text]Tout n&rsquo;est pas si facile: Ambitions, illusions et r\u00e9alit\u00e9s du HipHop. Conversations HipHop explore et expose ce que signifie \u00eatre HipHop aujourd\u2019hui. Le projet s\u2019organise autour de s\u00e9ries de livres d\u2019entretiens&hellip;<\/p>\n","protected":false},"author":1,"featured_media":7419,"parent":0,"menu_order":0,"comment_status":"closed","ping_status":"closed","template":"page-default.php","meta":{"footnotes":""},"class_list":["post-7413","page","type-page","status-publish","has-post-thumbnail","hentry"],"_links":{"self":[{"href":"https:\/\/illmatik.com\/V2\/wp-json\/wp\/v2\/pages\/7413","targetHints":{"allow":["GET"]}}],"collection":[{"href":"https:\/\/illmatik.com\/V2\/wp-json\/wp\/v2\/pages"}],"about":[{"href":"https:\/\/illmatik.com\/V2\/wp-json\/wp\/v2\/types\/page"}],"author":[{"embeddable":true,"href":"https:\/\/illmatik.com\/V2\/wp-json\/wp\/v2\/users\/1"}],"replies":[{"embeddable":true,"href":"https:\/\/illmatik.com\/V2\/wp-json\/wp\/v2\/comments?post=7413"}],"version-history":[{"count":3,"href":"https:\/\/illmatik.com\/V2\/wp-json\/wp\/v2\/pages\/7413\/revisions"}],"predecessor-version":[{"id":7420,"href":"https:\/\/illmatik.com\/V2\/wp-json\/wp\/v2\/pages\/7413\/revisions\/7420"}],"wp:featuredmedia":[{"embeddable":true,"href":"https:\/\/illmatik.com\/V2\/wp-json\/wp\/v2\/media\/7419"}],"wp:attachment":[{"href":"https:\/\/illmatik.com\/V2\/wp-json\/wp\/v2\/media?parent=7413"}],"curies":[{"name":"wp","href":"https:\/\/api.w.org\/{rel}","templated":true}]}}